, 7, 13, 59
List the prime factors of 1311.
3, 19, 23
List the prime factors of 1512.
2, 3, 7
What are the prime factors of 109016?
2, 13627
List the prime factors of 5521.
5521
List the prime factors of 4595.
5, 919
List the prime factors of 12109.
12109
List the prime factors of 3216.
2, 3, 67
What are the prime factors of 2787?
3, 929
What are the prime factors of 970?
2, 5, 97
List the prime factors of 647.
647
List the prime factors of 11168.
2, 349
What are the prime factors of 51321?
3, 17107
List the prime factors of 1034.
2, 11, 47
List the prime factors of 259.
7, 37
List the prime factors of 8765.
5, 1753
What are the prime factors of 7080?
2, 3, 5, 59
What are the prime factors of 1979?
1979
What are the prime factors of 2616?
2, 3, 109
List the prime factors of 66608.
2, 23, 181
List the prime factors of 27109.
27109
What are the prime factors of 44685?
3, 5, 331
What are the prime factors of 675?
3, 5
What are the prime factors of 360?
2, 3, 5
List the prime factors of 1061.
1061
What are the prime factors of 136?
2, 17
What are the prime factors of 2183?
37, 59
What are the prime factors of 1591?
37, 43
What are the prime factors of 1976?
2, 13, 19
What are the prime factors of 81403?
7, 29, 401
What are the prime factors of 6716?
2, 23, 73
List the prime factors of 318.
2, 3, 53
List the prime factors of 14751.
3, 11, 149
List the prime factors of 595.
5, 7, 17
What are the prime factors of 4467?
3, 1489
List the prime factors of 8102.
2, 4051
List the prime factors of 1063.
1063
What are the prime factors of 6122?
2, 3061
List the prime factors of 334.
2, 167
What are the prime factors of 7890?
2, 3, 5, 263
What are the prime factors of 26780?
2, 5, 13, 103
What are the prime factors of 13604?
2, 19, 179
List the prime factors of 7175.
5, 7, 41
List the prime factors of 28245.
3, 5, 7, 269
What are the prime factors of 1092?
2, 3, 7, 13
What are the prime factors of 27833?
13, 2141
What are the prime factors of 4234?
2, 29, 73
List the prime factors of 156.
2, 3, 13
What are the prime factors of 1097?
1097
What are the prime factors of 331?
331
List the prime factors of 4401.
3, 163
List the prime factors of 5316.
2, 3, 443
What are the prime factors of 1819?
17, 107
List the prime factors of 869.
11, 79
List the prime factors of 24686.
2, 12343
List the prime factors of 742.
2, 7, 53
List the prime factors of 170940.
2, 3, 5, 7, 11, 37
List the prime factors of 4548.
2, 3, 379
List the prime factors of 634.
2, 317
What are the prime factors of 64238?
2, 32119
List the prime factors of 25964.
2, 6491
What are the prime factors of 464?
2, 29
What are the prime factors of 4448?
2, 139
What are the prime factors of 351?
3, 13
List the prime factors of 38791.
38791
List the prime factors of 127684.
2, 137, 233
What are the prime factors of 8001?
3, 7, 127
What are the prime factors of 2087?
2087
List the prime factors of 15443.
15443
List the prime factors of 1390.
2, 5, 139
What are the prime factors of 333?
3, 37
List the prime factors of 14557.
14557
What are the prime factors of 31279?
31, 1009
List the prime factors of 6259.
11, 569
What are the prime factors of 12166?
2, 7, 11, 79
What are the prime factors of 2647?
2647
What are the prime factors of 87449?
157, 557
List the prime factors of 11832.
2, 3, 17, 29
List the prime factors of 1738.
2, 11, 79
List the prime factors of 1132.
2, 283
List the prime factors of 486.
2, 3
List the prime factors of 11553.
3, 3851
What are the prime factors of 833?
7, 17
List the prime factors of 761.
761
List the prime factors of 4929.
3, 31, 53
What are the prime factors of 30410?
2, 5, 3041
What are the prime factors of 2393?
2393
What are the prime factors of 497?
7, 71
List the prime factors of 3646.
2, 1823
List the prime factors of 6282.
2, 3, 349
What are the prime factors of 1901?
1901
List the prime factors of 31402.
2, 7, 2243
List the prime factors of 51291.
3, 41, 139
List the prime factors of 1135.
5, 227
What are the prime factors of 1391?
13, 107
List the prime factors of 1285.
5, 257
What are the prime factors of 161905?
5, 32381
What are the prime factors of 2988?
2, 3, 83
List the prime factors of 150223.
150223
What are the prime factors of 13919?
31, 449
List the prime factors of 5857.
5857
List the prime factors of 49857.
3, 16619
List the prime factors of 3947.
3947
List the prime factors of 20469.
3, 6823
What are the prime factors of 158?
2, 79
List the prime factors of 48680.
2, 5, 1217
What are the prime factors of 975?
3, 5, 13
What are the prime factors of 304?
2, 19
What are the prime factors of 1926?
2, 3, 107
List the prime factors of 575.
5, 23
List the prime factors of 1415.
5, 283
What are the prime factors of 1870?
2, 5, 11, 17
List the prime factors of 13660.
2, 5, 683
What are the prime factors of 417?
3, 139
What are the prime factors of 8696?
2, 1087
What are the prime factors of 500?
2, 5
List the prime factors of 931.
7, 19
List the prime factors of 1249.
1249
List the prime factors of 76453.
13, 5881
List the prime factors of 63842.
2, 137, 233
What are the prime factors of 5691?
3, 7, 271
List the prime factors of 261.
3, 29
What are the prime factors of 16794?
2, 3, 311
List the prime factors of 3873.
3, 1291
What are the prime factors of 6469?
6469
What are the prime factors of 93879?
3, 19, 61
What are the prime factors of 8600?
2, 5, 43
What are the prime factors of 1176?
2, 3, 7
List the prime factors of 563.
563
What are the prime factors of 16247?
7, 11, 211
List the prime factors of 725.
5, 29
List the prime factors of 5087.
5087
List the prime factors of 57323.
7, 19, 431
List the prime factors of 24515.
5, 4903
List the prime factors of 18144.
2, 3, 7
What are the prime factors of 1507?
11, 137
What are the prime factors of 1322?
2, 661
What are the prime factors of 3671?
3671
List the prime factors of 135066.
2, 3, 22511
List the prime factors of 118842.
2, 3, 29, 683
What are the prime factors of 4233?
3, 17, 83
What are the prime factors of 1746?
2, 3, 97
What are the prime factors of 8363?
8363
What are the prime factors of 705?
3, 5, 47
List the prime factors of 5856.
2, 3, 61
List the prime factors of 1927.
41, 47
List the prime factors of 1233.
3, 137
What are the prime factors of 36117?
3, 4013
List the prime factors of 41292.
2, 3, 31, 37
List the prime factors of 23755.
5, 4751
What are the prime factors of 558?
2, 3, 31
List the prime factors of 918.
2, 3, 17
List the prime factors of 6176.
2, 193
What are the prime factors of 310?
2, 5, 31
List the prime factors of 47850.
2, 3, 5, 11, 29
List the prime factors of 2692.
2, 673
List the prime factors of 439.
439
List the prime factors of 708.
2, 3, 59
List the prime factors of 10822.
2, 7, 773
List the prime factors of 3491.
3491
List the prime factors of 1139.
17, 67
List the prime factors of 4159.
4159
List the prime factors of 2960.
2, 5, 37
List the prime factors of 23863.
7, 487
List the prime factors of 6564.
2, 3, 547
List the prime factors of 32222.
2, 16111
What are the prime factors of 1274?
2, 7, 13
What are the prime factors of 874?
2, 19, 23
List the prime factors of 70762.
2, 35381
List the prime factors of 80548.
2, 13, 1549
What are the prime factors of 8151?
3, 11, 13, 19
What are the prime factors of 8870?
2, 5, 887
What are the prime factors of 4431?
3, 7, 211
List the prime factors of 10851.
3, 3617
List the prime factors of 15347.
103, 149
What are the prime factors of 986?
2, 17, 29
List the prime factors of 1642.
2, 821
What are the prime factors of 30330?
2, 3, 5, 337
What are the prime factors of 2694?
2, 3, 449
What are the prime factors of 51?
3, 17
List the prime factors of 28753.
28753
List the prime factors of 20341.
20341
What are the prime factors of 24951?
3, 8317
What are the prime factors of 1265?
5, 11, 23
List the prime factors of 15151.
109, 139
What are the prime factors of 1096?
2, 137
List the prime factors of 18579.
3, 11, 563
List the prime factors of 1605.
3, 5, 107
List the prime factors of 1586.
2, 13, 61
What are the prime factors of 4670?
2, 5, 467
List the prime factors of 2695.
5, 7, 11
List the prime factors of 5279.
5279
List the prime factors of 12491.
12491
List the prime factors of 2354.
2, 11, 107
List the prime fact